he prime factors of p.
2
Suppose 2*d = -4 - 2. Let x be ((4 - 82)/d)/(-2). Let z = -2 - x. List the prime factors of z.
11
Suppose 0*l - l = -5. Suppose l*z - 17 = -3*s + 36, -z = 4*s - 82. Suppose -2*a + 5*x + s = -21, 3*a - 4*x - 56 = 0. List the prime factors of a.
2
Let q = 163 + -78. Suppose 0 = -2*p + q + 233. What are the prime factors of p?
3, 53
Let u(c) = c - 1. Let m be u(6). What are the prime factors of 2/m + (-696)/(-60)?
2, 3
Let n = -677 + 1329. What are the prime factors of n?
2, 163
Let a = 58 + -46. Suppose o = -5*q + 2*q + 41, -5*o - q = -177. Let i = o + a. List the prime factors of i.
47
Suppose -4*n - 5*l + 2750 = 0, -3*l + 1292 = 5*n - 2152. What are the prime factors of n?
2, 3, 5, 23
Suppose -20 = 5*d, 14*l = 12*l - 3*d + 3810. What are the prime factors of l?
3, 7, 13
Suppose -4*k = -7*k - 645. Let o = -138 - k. List the prime factors of o.
7, 11
Let t be (-36)/(-8)*(-28)/(-63). Suppose 1246 = -t*d + 9*d. What are the prime factors of d?
2, 89
Let q(r) = r**2 - 27*r - 12. Let p be q(-8). Suppose 3*s - p = 74. What are the prime factors of s?
2, 3, 19
Suppose -1330 = -6*y + y. List the prime factors of y.
2, 7, 19
Let n = -28 - -24. List the prime factors of (0 + n/(-10))*165.
2, 3, 11
Suppose -105*p = -108*p + 1218. List the prime factors of p.
2, 7, 29
Suppose 469 = -5*a + y, 0 = -2*a - y + 2*y - 187. What are the prime factors of 0/(-2) - (5 + a)?
89
Let u(h) = 12*h**2 + 8 - 6*h**2 - 2*h**2 + 13*h - 2. List the prime factors of u(-6).
2, 3
Suppose -4*c = -o + 733, -2*o - 104*c + 1466 = -109*c. What are the prime factors of o?
733
Suppose -n - 71 + 75 = 0. Suppose a + 835 = 6*a + 3*v, -n*a + 676 = 4*v. What are the prime factors of a?
2, 41
Let q be 3/(0 + 2/54). Suppose 25 = -8*o - 39. What are the prime factors of o/(-6)*q/36?
3
Let l = 970 + -465. What are the prime factors of l?
5, 101
Let a(d) = -d**3 - 35*d**2 - 26*d - 258. List the prime factors of a(-35).
2, 163
Let a = 4 + -4. Suppose 4*r - 262 = 2*l, a = 4*l + l - 15. Suppose 3*j - 78 = i, -r = -3*j - i + 11. What are the prime factors of j?
2, 13
Let t = 1 + -10. Let i be 78/18 - (-3)/t. Suppose i*q - 20 = 0, -38 = -2*a - 5*q + q. What are the prime factors of a?
3
Let k(u) = 11*u**2 - u. Let x be k(-1). Let l be (-4)/(-6)*(-126)/x. Let h = 28 + l. What are the prime factors of h?
3, 7
Let s be 713 + ((-2)/(-2 - 0))/(-1). Suppose 3*k = 5*k + 5*h - 295, 0 = 5*k + 4*h - s. What are the prime factors of k?
2, 5, 7
Let m = -95 + 67. Let p = 3 - m. What are the prime factors of p?
31
Let v(k) = -k**2 + 29*k + 11. What are the prime factors of v(29)?
11
Suppose 4*x - 2*c - 16 = 3*c, 0 = -4*c. What are the prime factors of 30/x*(-8)/(-5)?
2, 3
Let g = -17 - -11. Let x be (4 - -6)/((-4)/g). Let s = x + -10. List the prime factors of s.
5
Let l = -26 - -40. Let a = l - -37. What are the prime factors of a?
3, 17
Suppose -2646 + 7011 = 9*x. What are the prime factors of x?
5, 97
What are the prime factors of (1584/27)/(2/21)?
2, 7, 11
Let w be (-9)/(-15) - ((-132)/5)/(-4). List the prime factors of (2/w)/((-91)/42 + 2).
2
Let i(a) = -a**3 - a**2 - 3*a - 3. Let w be i(-1). Let p(j) = -j**3 + 4*j**2 - j - 1. Let q be p(2). Suppose w*x = -q*x + 10. List the prime factors of x.
2
Suppose -z + 45 = 5*p - 2*z, -2*z = -5*p + 45. List the prime factors of 2801/9 - 2/p.
311
Let y(f) be the third derivative of 1/2*f**3 + 3*f**2 + 0*f - 7/6*f**4 + 0. What are the prime factors of y(-1)?
31
Let o = -945 - -1463. What are the prime factors of o?
2, 7, 37
Suppose 4*q + 2 = -5*i, 0 = -3*q - 0*q + 6. Let d be (i/6)/(12/(-72)). Suppose d*a - 68 = -2*a. List the prime factors of a.
17
Let s(l) = -5*l - 80. Let w(p) = -2*p - 27. Let q = 10 - 13. Let i(z) = q*s(z) + 8*w(z). List the prime factors of i(0).
2, 3
Let o(w) = 80*w + 580. What are the prime factors of o(28)?
2, 3, 5, 47
Suppose -116*j + 115*j - 17311 = -5*d, 5*d - 4*j = 17314. List the prime factors of d.
2, 3, 577
Suppose -w - s - 183 = -3*w, -3*s = 3. List the prime factors of 10621/w + (-2)/(-7).
3, 13
Let f(u) = -u + 6. Let w(q) = 4. Let c(t) = -3. Let y(k) = -5*c(k) - 4*w(k). Let x(z) = -f(z) - 5*y(z). List the prime factors of x(5).
2
Let u = 143 + 2189. What are the prime factors of u?
2, 11, 53
Suppose 0 = -v + 1, -g + 3*v - 3 = 2. List the prime factors of (1235/(-38))/(g/4).
5, 13
Let b = -98 - -363. Suppose -2*d - 3*d - b = 0. Let v = 3 - d. What are the prime factors of v?
2, 7
Suppose 5*n - 92 = -22. List the prime factors of n.
2, 7
Suppose -5*g = -21552 - 5438. What are the prime factors of g?
2, 2699
Let d(i) = i**2 - 8*i - 10. Let z be d(10). Let m be 4 + -3 - (z + -1). List the prime factors of m/10*(-165)/6.
2, 11
Let b(f) = -43*f - 202. What are the prime factors of b(-30)?
2, 17
Let w(f) = -f**3 - 3*f**2 + f + 4. Let c be w(-3). Suppose -g + 5 - c = 0. Suppose 4*s - 108 = s - 4*y, 0 = g*s + y - 157. What are the prime factors of s?
2, 5
Let i be (-40)/(-6)*36/24. Suppose 4*a = q + a - 30, 2*q + 4*a - i = 0. List the prime factors of q.
3, 5
Let q = -522 + 757. List the prime factors of q.
5, 47
Let z(q) = 30*q**2 + q - 2. Let i be z(2). Let f be i/55 + (-6)/33. Suppose 2*p + 8 = 0, 6 = 3*r + p - f. List the prime factors of r.
2
Suppose -f = -2*d - 35, 4*f + 4*d - d = 195. Let a = f - -52. What are the prime factors of a?
97
Let t = -24 - -21. Let b(m) = m**3 - 11*m**2 - 3*m + 14. Let d be b(11). Let s = t - d. What are the prime factors of s?
2
Let t be (-8)/(2/((-4)/4)). Let j = t - -8. Suppose -5*n + 93 = -j. What are the prime factors of n?
3, 7
Suppose 5*u = 6*u - 2. Suppose -120 = -5*h + 4*v + 65, -u*h - 3*v + 97 = 0. Let p = -13 + h. What are the prime factors of p?
2, 7
Let q(d) = 19*d - 3. Let x be (-75)/(-27) + (-4)/(-18). Let w be q(x). Suppose -4*v + 7*v = w. List the prime factors of v.
2, 3
Suppose 2*l - 2241 = 3*p, 8*l = 4*l + p + 4487. List the prime factors of l.
2, 3, 11, 17
Let a be 4 + (-12)/4 + -1. Suppose -3*o + 663 = 5*u - 0*o, 3*u + 5*o - 385 = a. Suppose -5*w + 4*d + u = -d, 0 = -2*w - d + 45. List the prime factors of w.
2, 3
Suppose 24390 + 3335 = 25*n. List the prime factors of n.
1109
Let n = -1770 - -1190. What are the prime factors of (4/(-10))/(8/n)?
29
Let k(g) be the second derivative of g**4/12 + 11*g**3/6 + 6*g**2 + g. Let i = 59 + -69. What are the prime factors of k(i)?
2
Let c(o) = -o**3 - 9*o**2 - 13*o + 9. Let q be c(-7). Suppose 3*j - 3 + 0 = 0, q*j = h - 61. What are the prime factors of h?
3, 7
Let x = -61 - -64. Suppose 3*i = -2*p + 181, x*i = p + 4*i - 88. What are the prime factors of p?
83
Suppose 290 = 4*k - r - 103, -122 = -k + 5*r. What are the prime factors of k?
97
Suppose -2*j + 2*d = -2, 1 - 2 = j - 3*d. What are the prime factors of ((-4)/j - -2) + 120?
2, 3, 5
Let p(d) be the second derivative of d**5/20 + 3*d**4/4 - 11*d**3/6 - 2*d**2 + 2*d. List the prime factors of p(-10).
2, 3
Let m = -1374 - -2284. Suppose 13*z - 3*z - m = 0. List the prime factors of z.
7, 13
Let i(v) = 157*v + 32. List the prime factors of i(1).
3, 7
Suppose -b - 3*b = 40. What are the prime factors of (-1 - 7)/(4/b)?
2, 5
Let i(f) = 36*f**2 + 12*f - 90. List the prime factors of i(8).
2, 3, 5, 7, 11
Let h = 1167 - 648. List the prime factors of h.
3, 173
Let c(u) = -27*u**3 - 5*u**2 - 28*u**3 + 54*u**3 + 1 - 5*u. What are the prime factors of c(-5)?
2, 13
Suppose -2*x + 168 = 10*x. Suppose -3*q = -x*q + 1298. What are the prime factors of q?
2, 59
Let l = -6 - -14. Suppose 0 = -l*h + 7 + 9. What are the prime factors of h?
2
Let i(s) = -9*s**2 + 232*s - 24. What are the prime factors of i(16)?
2, 173
Suppose 0 = -29*i + 6*i + 12489. List the prime factors of i.
3, 181
Let k = 42 - -388. What are the prime factors of (4 + 0)*k/40?
43
Let y be -8 - (1 + 3) - 4. Let i(h) be the first derivative of -h**3/3 - 19*h**2/2 - 12*h - 2. List the prime factors of i(y).
2, 3
Suppose 3*s - 1235 = -6*a + 8*a, 411 = s - a. What are the prime factors of s?
7, 59
Suppose -3*t - 2903 + 169 = -2*p, 0 = -5*p - 3*t + 6814. What are the prime factors of p?
2, 11, 31
Suppose -3*p + 154 = -14*p. Let u = -12 + 4. Let g = u - p. What are the prime factors of g?
2, 3
Let y(g) = 32*g. Suppose -13*n = -16*n. Suppose n*c + 2*j + 5 = 3*c, -2*j = -c + 3. What are the prime factors of y(c)?
2
Suppose 